{"id":62,"date":"2016-03-10T21:10:31","date_gmt":"2016-03-10T20:10:31","guid":{"rendered":"http:\/\/nicolas-rivault.fr\/?page_id=62"},"modified":"2018-04-12T08:06:46","modified_gmt":"2018-04-12T07:06:46","slug":"soins","status":"publish","type":"page","link":"https:\/\/nicolas-rivault.fr\/index.php\/soins\/","title":{"rendered":"Soins"},"content":{"rendered":"<h3><span style=\"color: #333399; text-decoration: underline;\"><strong>Magn\u00e9tiseur \/ th\u00e9rapies \u00e9nerg\u00e9tiques\u00a0:<\/strong><\/span><\/h3>\n<ul>\n<li>\n<h4><span style=\"color: #333399;\"><strong>am\u00e9lioration de la sant\u00e9 et du bien \u00eatre<\/strong><\/span><\/h4>\n<ul>\n<li>\n<h5>\u00e9quilibrage et remise en route des syst\u00e8mes \u00e9nerg\u00e9tiques<\/h5>\n<\/li>\n<li>\n<h5>nettoyages \u00e9motionnels et baisse du stress, anxi\u00e9t\u00e9, mental<\/h5>\n<\/li>\n<li>\n<h5>fatigues chroniques \/ insomnies<\/h5>\n<\/li>\n<li>\n<h5>coupeur de feu (br\u00fblures, zona, chimio et radioth\u00e9rapies)<\/h5>\n<\/li>\n<li>\n<h5>maladies de peau, verrues, ecz\u00e9ma, herpes<\/h5>\n<\/li>\n<li>\n<h5>douleurs musculaires et articulaires<\/h5>\n<\/li>\n<li>\n<h5>troubles digestifs<\/h5>\n<\/li>\n<li>\n<h5>s\u00e9ances post-op\u00e9ratoires<\/h5>\n<\/li>\n<li>\n<h5>sportifs\u00a0: travaux sp\u00e9cifiques sur l&rsquo;\u00e9quilibre, la force et le centrage<\/h5>\n<\/li>\n<li>\n<h5>aide aux \u00e9tudiants en p\u00e9riode d&rsquo;examen<\/h5>\n<\/li>\n<\/ul>\n<\/li>\n<\/ul>\n<p>&nbsp;<\/p>\n<ul>\n<li>\n<h4><span style=\"color: #333399;\"><strong>animaux<\/strong><\/span><\/h4>\n<ul>\n<li>\n<h5>travail sur leur vitalit\u00e9<\/h5>\n<\/li>\n<li>\n<h5>maladies et troubles divers<\/h5>\n<\/li>\n<\/ul>\n<\/li>\n<\/ul>\n<p>&nbsp;<\/p>\n<h4><span style=\"color: #333399; text-decoration: underline;\"><strong>Techniques employ\u00e9es<\/strong><\/span><\/h4>\n<ul>\n<li>\n<h5>par imposition des mains<\/h5>\n<\/li>\n<li>\n<h5>transfert d&rsquo;\u00e9nergie<\/h5>\n<\/li>\n<li>\n<h5>radionique &amp; dessins actifs<\/h5>\n<\/li>\n<li>\n<h5>possibilit\u00e9 de travail au cabinet sur rendez-vous ou \u00e0\u00a0distance<\/h5>\n<\/li>\n<\/ul>\n","protected":false},"excerpt":{"rendered":"<p>Magn\u00e9tiseur \/ th\u00e9rapies \u00e9nerg\u00e9tiques\u00a0: am\u00e9lioration de la sant\u00e9 et du bien \u00eatre \u00e9quilibrage et remise en route des syst\u00e8mes \u00e9nerg\u00e9tiques nettoyages \u00e9motionnels et baisse du stress, anxi\u00e9t\u00e9, mental fatigues chroniques \/ insomnies coupeur de feu (br\u00fblures, zona, chimio et radioth\u00e9rapies) &hellip; <a href=\"https:\/\/nicolas-rivault.fr\/index.php\/soins\/\">Lire la suite\u00ad\u00ad<\/a><\/p>\n","protected":false},"author":1,"featured_media":0,"parent":0,"menu_order":0,"comment_status":"closed","ping_status":"closed","template":"","meta":{"kt_blocks_editor_width":"","spay_email":""},"_links":{"self":[{"href":"https:\/\/nicolas-rivault.fr\/index.php\/wp-json\/wp\/v2\/pages\/62"}],"collection":[{"href":"https:\/\/nicolas-rivault.fr\/index.php\/wp-json\/wp\/v2\/pages"}],"about":[{"href":"https:\/\/nicolas-rivault.fr\/index.php\/wp-json\/wp\/v2\/types\/page"}],"author":[{"embeddable":true,"href":"https:\/\/nicolas-rivault.fr\/index.php\/wp-json\/wp\/v2\/users\/1"}],"replies":[{"embeddable":true,"href":"https:\/\/nicolas-rivault.fr\/index.php\/wp-json\/wp\/v2\/comments?post=62"}],"version-history":[{"count":7,"href":"https:\/\/nicolas-rivault.fr\/index.php\/wp-json\/wp\/v2\/pages\/62\/revisions"}],"predecessor-version":[{"id":156,"href":"https:\/\/nicolas-rivault.fr\/index.php\/wp-json\/wp\/v2\/pages\/62\/revisions\/156"}],"wp:attachment":[{"href":"https:\/\/nicolas-rivault.fr\/index.php\/wp-json\/wp\/v2\/media?parent=62"}],"curies":[{"name":"wp","href":"https:\/\/api.w.org\/{rel}","templated":true}]}}