{"id":5,"date":"2016-03-07T19:50:43","date_gmt":"2016-03-07T18:50:43","guid":{"rendered":"http:\/\/nicolas-rivault.fr\/?page_id=5"},"modified":"2024-03-01T09:17:23","modified_gmt":"2024-03-01T08:17:23","slug":"nicolas-rivault-magnetiseur-guerisseur-geobiologue","status":"publish","type":"page","link":"https:\/\/nicolas-rivault.fr\/","title":{"rendered":"Accueil"},"content":{"rendered":"<h4>Bonjour,<\/h4>\n<h4>Vous \u00eates sur le site de <strong>Nicolas RIVAULT<\/strong>, <strong>Magn\u00e9tiseur <\/strong>et<strong> G\u00e9obiologue<\/strong> bas\u00e9 \u00e0 <strong>Plaisance du Touch<\/strong>, tout proche de Toulouse.<\/h4>\n<p><img loading=\"lazy\" class=\"size-large wp-image-69\" src=\"http:\/\/nicolas-rivault.fr\/wp-content\/uploads\/2016\/03\/main-et-terre-1024x673.jpg\" alt=\"nicolas-rivault accueil\" width=\"940\" height=\"618\" srcset=\"https:\/\/nicolas-rivault.fr\/wp-content\/uploads\/2016\/03\/main-et-terre-1024x673.jpg 1024w, https:\/\/nicolas-rivault.fr\/wp-content\/uploads\/2016\/03\/main-et-terre-300x197.jpg 300w, https:\/\/nicolas-rivault.fr\/wp-content\/uploads\/2016\/03\/main-et-terre-768x505.jpg 768w, https:\/\/nicolas-rivault.fr\/wp-content\/uploads\/2016\/03\/main-et-terre.jpg 1700w\" sizes=\"(max-width: 940px) 100vw, 940px\" \/><\/p>\n","protected":false},"excerpt":{"rendered":"<p>Bonjour, Vous \u00eates sur le site de Nicolas RIVAULT, Magn\u00e9tiseur et G\u00e9obiologue bas\u00e9 \u00e0 Plaisance du Touch, tout proche de Toulouse.<\/p>\n","protected":false},"author":1,"featured_media":0,"parent":0,"menu_order":0,"comment_status":"closed","ping_status":"closed","template":"page-fullwidth.php","meta":{"kt_blocks_editor_width":"","spay_email":""},"_links":{"self":[{"href":"https:\/\/nicolas-rivault.fr\/index.php\/wp-json\/wp\/v2\/pages\/5"}],"collection":[{"href":"https:\/\/nicolas-rivault.fr\/index.php\/wp-json\/wp\/v2\/pages"}],"about":[{"href":"https:\/\/nicolas-rivault.fr\/index.php\/wp-json\/wp\/v2\/types\/page"}],"author":[{"embeddable":true,"href":"https:\/\/nicolas-rivault.fr\/index.php\/wp-json\/wp\/v2\/users\/1"}],"replies":[{"embeddable":true,"href":"https:\/\/nicolas-rivault.fr\/index.php\/wp-json\/wp\/v2\/comments?post=5"}],"version-history":[{"count":19,"href":"https:\/\/nicolas-rivault.fr\/index.php\/wp-json\/wp\/v2\/pages\/5\/revisions"}],"predecessor-version":[{"id":519,"href":"https:\/\/nicolas-rivault.fr\/index.php\/wp-json\/wp\/v2\/pages\/5\/revisions\/519"}],"wp:attachment":[{"href":"https:\/\/nicolas-rivault.fr\/index.php\/wp-json\/wp\/v2\/media?parent=5"}],"curies":[{"name":"wp","href":"https:\/\/api.w.org\/{rel}","templated":true}]}}