{"id":399,"date":"2021-09-21T08:05:05","date_gmt":"2021-09-21T07:05:05","guid":{"rendered":"http:\/\/nicolas-rivault.fr\/?page_id=399"},"modified":"2021-09-21T08:18:32","modified_gmt":"2021-09-21T07:18:32","slug":"nettoyeur","status":"publish","type":"page","link":"https:\/\/nicolas-rivault.fr\/index.php\/nettoyeur\/","title":{"rendered":"Nettoyeur"},"content":{"rendered":"\n<p>Cette forme g\u00e9om\u00e9trique est d\u00e9di\u00e9e au nettoyage des \u00e9nergies nocives d&rsquo;origine humaine et souvent pos\u00e9es avec intentions.<\/p>\n\n\n\n<p>Elle peut \u00eatre utilis\u00e9e pour les lieux mais aussi pour les personnes. <\/p>\n\n\n\n<p>Dans ce cas, elle servira \u00e0 couper et nettoyer les liens \u00e9nerg\u00e9tiques pesants qui viennent encombrer et affaiblir nos chakras. <\/p>\n\n\n\n<p><br><\/p>\n\n\n\n<figure class=\"wp-block-image is-resized\"><img loading=\"lazy\" src=\"http:\/\/nicolas-rivault.fr\/wp-content\/uploads\/2021\/09\/Nettoyeur-lite-268x300.jpg\" alt=\"\" class=\"wp-image-396\" width=\"302\" height=\"338\" srcset=\"https:\/\/nicolas-rivault.fr\/wp-content\/uploads\/2021\/09\/Nettoyeur-lite-268x300.jpg 268w, https:\/\/nicolas-rivault.fr\/wp-content\/uploads\/2021\/09\/Nettoyeur-lite.jpg 768w\" sizes=\"(max-width: 302px) 100vw, 302px\" \/><\/figure>\n\n\n\n<p><strong>Tarifs :<br><\/strong><\/p>\n\n\n\n<p>Ch\u00eane <strong>50\u20ac<\/strong><strong>T<\/strong><\/p>\n","protected":false},"excerpt":{"rendered":"<p>Cette forme g\u00e9om\u00e9trique est d\u00e9di\u00e9e au nettoyage des \u00e9nergies nocives d&rsquo;origine humaine et souvent pos\u00e9es avec intentions. Elle peut \u00eatre utilis\u00e9e pour les lieux mais aussi pour les personnes. Dans ce cas, elle servira \u00e0 couper et nettoyer les liens &hellip; <a href=\"https:\/\/nicolas-rivault.fr\/index.php\/nettoyeur\/\">Lire la suite\u00ad\u00ad<\/a><\/p>\n","protected":false},"author":1,"featured_media":0,"parent":0,"menu_order":0,"comment_status":"closed","ping_status":"closed","template":"","meta":{"kt_blocks_editor_width":"","spay_email":""},"_links":{"self":[{"href":"https:\/\/nicolas-rivault.fr\/index.php\/wp-json\/wp\/v2\/pages\/399"}],"collection":[{"href":"https:\/\/nicolas-rivault.fr\/index.php\/wp-json\/wp\/v2\/pages"}],"about":[{"href":"https:\/\/nicolas-rivault.fr\/index.php\/wp-json\/wp\/v2\/types\/page"}],"author":[{"embeddable":true,"href":"https:\/\/nicolas-rivault.fr\/index.php\/wp-json\/wp\/v2\/users\/1"}],"replies":[{"embeddable":true,"href":"https:\/\/nicolas-rivault.fr\/index.php\/wp-json\/wp\/v2\/comments?post=399"}],"version-history":[{"count":6,"href":"https:\/\/nicolas-rivault.fr\/index.php\/wp-json\/wp\/v2\/pages\/399\/revisions"}],"predecessor-version":[{"id":406,"href":"https:\/\/nicolas-rivault.fr\/index.php\/wp-json\/wp\/v2\/pages\/399\/revisions\/406"}],"wp:attachment":[{"href":"https:\/\/nicolas-rivault.fr\/index.php\/wp-json\/wp\/v2\/media?parent=399"}],"curies":[{"name":"wp","href":"https:\/\/api.w.org\/{rel}","templated":true}]}}