{"id":115,"date":"2017-05-17T07:23:55","date_gmt":"2017-05-17T06:23:55","guid":{"rendered":"http:\/\/nicolas-rivault.fr\/?page_id=115"},"modified":"2020-09-17T06:40:03","modified_gmt":"2020-09-17T05:40:03","slug":"generateur","status":"publish","type":"page","link":"https:\/\/nicolas-rivault.fr\/index.php\/generateur\/","title":{"rendered":"G\u00e9n\u00e9rateur"},"content":{"rendered":"<p>Cette forme appel\u00e9e \u00ab\u00a0G\u00e9n\u00e9rateur\u00a0\u00bb porte bien son nom.<\/p>\n<p><img loading=\"lazy\" class=\"alignnone size-full wp-image-105\" src=\"http:\/\/nicolas-rivault.fr\/wp-content\/uploads\/2017\/05\/g\u00e9n\u00e9rateur-light.jpg\" alt=\"g\u00e9n\u00e9rateur light\" width=\"350\" height=\"336\" srcset=\"https:\/\/nicolas-rivault.fr\/wp-content\/uploads\/2017\/05\/g\u00e9n\u00e9rateur-light.jpg 350w, https:\/\/nicolas-rivault.fr\/wp-content\/uploads\/2017\/05\/g\u00e9n\u00e9rateur-light-300x288.jpg 300w\" sizes=\"(max-width: 350px) 100vw, 350px\" \/><\/p>\n<p>Elle booste nos \u00e9nergies mais sa puissance peut ne pas convenir \u00e0 tout le monde.<\/p>\n<p>Si lorsque vous la regardez, vous avez l&rsquo;impression de tanguer ou d&rsquo;avoir du mal \u00e0 garder l&rsquo;\u00e9quilibre, dirigez-vous plut\u00f4t sur des formes plus douces.<\/p>\n<p>Contrairement \u00e0 d&rsquo;autres formes, celle-ci ne fait pas de nettoyage. Elle a plut\u00f4t tendance \u00e0 fonctionner comme un amplificateur.<\/p>\n<p>Elle n&rsquo;existe qu&rsquo;en une seule taille, inscrite dans un diam\u00e8tre de 22 cm.<\/p>\n<p>&nbsp;<\/p>\n<p><strong>Tarifs :<br \/>\n<\/strong><\/p>\n<p style=\"padding-left: 60px;\">H\u00eatre <strong>50\u20ac<\/strong><\/p>\n<p style=\"padding-left: 60px;\">Ch\u00eane <strong>55\u20ac<\/strong><\/p>\n","protected":false},"excerpt":{"rendered":"<p>Cette forme appel\u00e9e \u00ab\u00a0G\u00e9n\u00e9rateur\u00a0\u00bb porte bien son nom. Elle booste nos \u00e9nergies mais sa puissance peut ne pas convenir \u00e0 tout le monde. Si lorsque vous la regardez, vous avez l&rsquo;impression de tanguer ou d&rsquo;avoir du mal \u00e0 garder l&rsquo;\u00e9quilibre, &hellip; <a href=\"https:\/\/nicolas-rivault.fr\/index.php\/generateur\/\">Lire la suite\u00ad\u00ad<\/a><\/p>\n","protected":false},"author":1,"featured_media":0,"parent":0,"menu_order":0,"comment_status":"closed","ping_status":"closed","template":"","meta":{"kt_blocks_editor_width":"","spay_email":""},"_links":{"self":[{"href":"https:\/\/nicolas-rivault.fr\/index.php\/wp-json\/wp\/v2\/pages\/115"}],"collection":[{"href":"https:\/\/nicolas-rivault.fr\/index.php\/wp-json\/wp\/v2\/pages"}],"about":[{"href":"https:\/\/nicolas-rivault.fr\/index.php\/wp-json\/wp\/v2\/types\/page"}],"author":[{"embeddable":true,"href":"https:\/\/nicolas-rivault.fr\/index.php\/wp-json\/wp\/v2\/users\/1"}],"replies":[{"embeddable":true,"href":"https:\/\/nicolas-rivault.fr\/index.php\/wp-json\/wp\/v2\/comments?post=115"}],"version-history":[{"count":6,"href":"https:\/\/nicolas-rivault.fr\/index.php\/wp-json\/wp\/v2\/pages\/115\/revisions"}],"predecessor-version":[{"id":378,"href":"https:\/\/nicolas-rivault.fr\/index.php\/wp-json\/wp\/v2\/pages\/115\/revisions\/378"}],"wp:attachment":[{"href":"https:\/\/nicolas-rivault.fr\/index.php\/wp-json\/wp\/v2\/media?parent=115"}],"curies":[{"name":"wp","href":"https:\/\/api.w.org\/{rel}","templated":true}]}}